{"id":6111,"date":"2023-12-01T17:18:26","date_gmt":"2023-12-01T17:18:26","guid":{"rendered":"https:\/\/fc.cegepmontpetit.ca\/ena\/?page_id=6111"},"modified":"2023-12-01T17:20:25","modified_gmt":"2023-12-01T17:20:25","slug":"politique-de-cookies","status":"publish","type":"page","link":"https:\/\/fc.cegepmontpetit.ca\/ena\/politique-de-cookies\/","title":{"rendered":"Politique de cookies"},"content":{"rendered":"\t\t<div data-elementor-type=\"wp-page\" data-elementor-id=\"6111\" class=\"elementor elementor-6111\" data-elementor-post-type=\"page\">\n\t\t\t\t\t\t<section class=\"elementor-section elementor-top-section elementor-element elementor-element-50c12ca elementor-section-boxed elementor-section-height-default elementor-section-height-default\" data-id=\"50c12ca\" data-element_type=\"section\" data-e-type=\"section\" data-settings=\"{&quot;jet_parallax_layout_list&quot;:[]}\">\n\t\t\t\t\t\t<div class=\"elementor-container elementor-column-gap-default\">\n\t\t\t\t\t<div class=\"elementor-column elementor-col-100 elementor-top-column elementor-element elementor-element-236eb77\" data-id=\"236eb77\" data-element_type=\"column\" data-e-type=\"column\">\n\t\t\t<div class=\"elementor-widget-wrap elementor-element-populated\">\n\t\t\t\t\t\t<div class=\"elementor-element elementor-element-2bdfc02 elementor-widget elementor-widget-html\" data-id=\"2bdfc02\" data-element_type=\"widget\" data-e-type=\"widget\" data-widget_type=\"html.default\">\n\t\t\t\t<div class=\"elementor-widget-container\">\n\t\t\t\t\t<style>\r\n    a.cky-banner-element {\r\n        padding: 8px 30px;\r\n        background: #F8F9FA;\r\n        color: #858A8F;\r\n        border: 1px solid #DEE2E6;\r\n        box-sizing: border-box;\r\n        border-radius: 2px;\r\n        cursor: pointer;\r\n    }\r\n    h1{\r\n        font-size: 35px !important;\r\n        line-height: 1.2 !important;\r\n    }\r\n    h2{\r\n        font-size: 30px !important;\r\n        line-height: 1.2 !important;\r\n    }\r\n    \r\n<\/style>\r\n<h1 class=\"cookie-policy-h1\">Politique de cookies<\/h1>\r\n\r\n\r\n&nbsp;\r\n<h2>Qu'est-ce qu'un cookie ?<\/h2>\r\n<div class=\"cookie-policy-p\"><p>La pr\u00e9sente politique en mati\u00e8re de cookies explique ce que sont les cookies et comment nous les utilisons, les types de cookies que nous utilisons, c'est-\u00e0-dire les informations que nous collectons \u00e0 l'aide des cookies et la mani\u00e8re dont ces informations sont utilis\u00e9es, et comment g\u00e9rer les param\u00e8tres des cookies.<\/p> <p>Les cookies sont de petits fichiers texte qui sont utilis\u00e9s pour stocker de petits \u00e9l\u00e9ments d'information. Ils sont stock\u00e9s sur votre appareil lorsque le site web est charg\u00e9 sur votre navigateur. Ces cookies nous aident \u00e0 faire fonctionner le site web correctement, \u00e0 le rendre plus s\u00fbr, \u00e0 fournir une meilleure exp\u00e9rience utilisateur, \u00e0 comprendre comment le site web fonctionne et \u00e0 analyser ce qui fonctionne et ce qui doit \u00eatre am\u00e9lior\u00e9.<\/p> <p>Les cookies sont des petits fichiers texte utilis\u00e9s pour stocker de petits \u00e9l\u00e9ments d'information.<\/p><\/div>\r\n\r\n&nbsp;\r\n<h2>Comment utilisons-nous les cookies ?<\/h2>\r\n<div class=\"cookie-policy-p\"><p>Comme la plupart des services en ligne, notre site web utilise des cookies de premi\u00e8re partie et de tierce partie \u00e0 plusieurs fins. Les cookies de premi\u00e8re partie sont principalement n\u00e9cessaires au bon fonctionnement du site web et ne collectent aucune de vos donn\u00e9es personnelles identifiables.<\/p> <p>Les cookies de tierce partie utilis\u00e9s sur notre site web servent principalement \u00e0 comprendre comment le site web fonctionne, comment vous interagissez avec notre site web, \u00e0 assurer la s\u00e9curit\u00e9 de nos services, \u00e0 fournir des publicit\u00e9s pertinentes pour vous et, dans l'ensemble, \u00e0 vous fournir une exp\u00e9rience utilisateur meilleure et am\u00e9lior\u00e9e et \u00e0 aider \u00e0 acc\u00e9l\u00e9rer vos interactions futures avec notre site web.<\/p><\/div>\r\n\r\n&nbsp;\r\n    <h2>Types de cookies que nous utilisons<\/h2>\r\n\r\n    <div class=\"cky-audit-table-element\"><\/div>\r\n\r\n&nbsp;\r\n    <h2 style=\"margin-bottom:20px;\">G\u00e9rer les pr\u00e9f\u00e9rences en mati\u00e8re de cookies<\/h2>\r\n\r\n    <a class=\"cky-banner-element\">Param\u00e8tres de cookies<\/a> <br\/><br><br>\r\n\r\n    <div><p>Vous pouvez modifier vos pr\u00e9f\u00e9rences en mati\u00e8re de cookies \u00e0 tout moment en cliquant sur le bouton ci-dessus. Cela vous permettra de revenir \u00e0 la banni\u00e8re de consentement aux cookies et de modifier vos pr\u00e9f\u00e9rences ou de retirer votre consentement imm\u00e9diatement.<\/p><p>En outre, les navigateurs proposent des m\u00e9thodes diff\u00e9rentes pour bloquer et supprimer les cookies utilis\u00e9s par les sites web. Vous pouvez modifier les param\u00e8tres de votre navigateur pour bloquer\/supprimer les cookies. Vous trouverez ci-dessous les liens vers les documents d'assistance relatifs \u00e0 la gestion et \u00e0 la suppression des cookies des principaux navigateurs web.<\/p><p>Chrome : https:\/\/support.google.com\/accounts\/answer\/32050<\/p><p>Safari : https:\/\/support.apple.com\/en-in\/guide\/safari\/sfri11471\/mac<\/p><p>Firefox : https:\/\/support.mozilla.org\/en-US\/kb\/clear-cookies-and-site-data-firefox?redirectslug=delete-cookies-remove-info-websites-stored&amp;redirectlocale=en-US<\/p><p>Internet Explorer : https:\/\/support.microsoft.com\/en-us\/topic\/how-to-delete-cookie-files-in-internet-explorer-bca9446f-d873-78de-77ba-d42645fa52fc<\/p><p>Si vous utilisez un autre navigateur web, veuillez consulter les documents d'assistance officiels de votre navigateur.<\/p><\/div>\r\n\r\n\r\n&nbsp;\r\n<p class=\"cookie-policy-p\">\r\n    Politique de cookies g\u00e9n\u00e9r\u00e9 par  <a target=\"_blank\" href=\"https:\/\/www.cookieyes.com\/\">CookieYes<\/a>.\r\n<\/p>\t\t\t\t<\/div>\n\t\t\t\t<\/div>\n\t\t\t\t\t<\/div>\n\t\t<\/div>\n\t\t\t\t\t<\/div>\n\t\t<\/section>\n\t\t\t\t<\/div>\n\t\t","protected":false},"excerpt":{"rendered":"<p>Politique de cookies &nbsp; Qu&rsquo;est-ce qu&rsquo;un cookie ? La pr\u00e9sente politique en mati\u00e8re de cookies explique ce que sont les cookies et comment nous les utilisons, les types de cookies que nous utilisons, c&rsquo;est-\u00e0-dire les informations que nous collectons \u00e0 l&rsquo;aide des cookies et la mani\u00e8re dont ces informations sont utilis\u00e9es, et comment g\u00e9rer les [&hellip;]<\/p>\n","protected":false},"author":1,"featured_media":0,"parent":0,"menu_order":0,"comment_status":"closed","ping_status":"closed","template":"elementor_header_footer","meta":{"_acf_changed":false,"footnotes":""},"class_list":["post-6111","page","type-page","status-publish","hentry"],"acf":[],"yoast_head":"<!-- This site is optimized with the Yoast SEO plugin v26.9 - https:\/\/yoast.com\/product\/yoast-seo-wordpress\/ -->\n<title>Politique de cookies - \u00c9cole nationale d\u2019a\u00e9rotechnique<\/title>\n<meta name=\"robots\" content=\"index, follow, max-snippet:-1, max-image-preview:large, max-video-preview:-1\" \/>\n<link rel=\"canonical\" href=\"https:\/\/fc.cegepmontpetit.ca\/ena\/politique-de-cookies\/\" \/>\n<meta property=\"og:locale\" content=\"fr_CA\" \/>\n<meta property=\"og:type\" content=\"article\" \/>\n<meta property=\"og:title\" content=\"Politique de cookies - \u00c9cole nationale d\u2019a\u00e9rotechnique\" \/>\n<meta property=\"og:description\" content=\"Politique de cookies &nbsp; Qu&rsquo;est-ce qu&rsquo;un cookie ? La pr\u00e9sente politique en mati\u00e8re de cookies explique ce que sont les cookies et comment nous les utilisons, les types de cookies que nous utilisons, c&rsquo;est-\u00e0-dire les informations que nous collectons \u00e0 l&rsquo;aide des cookies et la mani\u00e8re dont ces informations sont utilis\u00e9es, et comment g\u00e9rer les [&hellip;]\" \/>\n<meta property=\"og:url\" content=\"https:\/\/fc.cegepmontpetit.ca\/ena\/politique-de-cookies\/\" \/>\n<meta property=\"og:site_name\" content=\"\u00c9cole nationale d\u2019a\u00e9rotechnique\" \/>\n<meta property=\"article:modified_time\" content=\"2023-12-01T17:20:25+00:00\" \/>\n<meta name=\"twitter:card\" content=\"summary_large_image\" \/>\n<meta name=\"twitter:label1\" content=\"Estimation du temps de lecture\" \/>\n\t<meta name=\"twitter:data1\" content=\"3 minutes\" \/>\n<script type=\"application\/ld+json\" class=\"yoast-schema-graph\">{\"@context\":\"https:\/\/schema.org\",\"@graph\":[{\"@type\":\"WebPage\",\"@id\":\"https:\/\/fc.cegepmontpetit.ca\/ena\/politique-de-cookies\/\",\"url\":\"https:\/\/fc.cegepmontpetit.ca\/ena\/politique-de-cookies\/\",\"name\":\"Politique de cookies - \u00c9cole nationale d\u2019a\u00e9rotechnique\",\"isPartOf\":{\"@id\":\"https:\/\/fc.cegepmontpetit.ca\/ena\/#website\"},\"datePublished\":\"2023-12-01T17:18:26+00:00\",\"dateModified\":\"2023-12-01T17:20:25+00:00\",\"breadcrumb\":{\"@id\":\"https:\/\/fc.cegepmontpetit.ca\/ena\/politique-de-cookies\/#breadcrumb\"},\"inLanguage\":\"fr-CA\",\"potentialAction\":[{\"@type\":\"ReadAction\",\"target\":[\"https:\/\/fc.cegepmontpetit.ca\/ena\/politique-de-cookies\/\"]}]},{\"@type\":\"BreadcrumbList\",\"@id\":\"https:\/\/fc.cegepmontpetit.ca\/ena\/politique-de-cookies\/#breadcrumb\",\"itemListElement\":[{\"@type\":\"ListItem\",\"position\":1,\"name\":\"Accueil\",\"item\":\"https:\/\/fc.cegepmontpetit.ca\/ena\/\"},{\"@type\":\"ListItem\",\"position\":2,\"name\":\"Politique de cookies\"}]},{\"@type\":\"WebSite\",\"@id\":\"https:\/\/fc.cegepmontpetit.ca\/ena\/#website\",\"url\":\"https:\/\/fc.cegepmontpetit.ca\/ena\/\",\"name\":\"\u00c9cole nationale d\u2019a\u00e9rotechnique\",\"description\":\"Un site utilisant DFCSAE\",\"potentialAction\":[{\"@type\":\"SearchAction\",\"target\":{\"@type\":\"EntryPoint\",\"urlTemplate\":\"https:\/\/fc.cegepmontpetit.ca\/ena\/?s={search_term_string}\"},\"query-input\":{\"@type\":\"PropertyValueSpecification\",\"valueRequired\":true,\"valueName\":\"search_term_string\"}}],\"inLanguage\":\"fr-CA\"}]}<\/script>\n<!-- \/ Yoast SEO plugin. -->","yoast_head_json":{"title":"Politique de cookies - \u00c9cole nationale d\u2019a\u00e9rotechnique","robots":{"index":"index","follow":"follow","max-snippet":"max-snippet:-1","max-image-preview":"max-image-preview:large","max-video-preview":"max-video-preview:-1"},"canonical":"https:\/\/fc.cegepmontpetit.ca\/ena\/politique-de-cookies\/","og_locale":"fr_CA","og_type":"article","og_title":"Politique de cookies - \u00c9cole nationale d\u2019a\u00e9rotechnique","og_description":"Politique de cookies &nbsp; Qu&rsquo;est-ce qu&rsquo;un cookie ? La pr\u00e9sente politique en mati\u00e8re de cookies explique ce que sont les cookies et comment nous les utilisons, les types de cookies que nous utilisons, c&rsquo;est-\u00e0-dire les informations que nous collectons \u00e0 l&rsquo;aide des cookies et la mani\u00e8re dont ces informations sont utilis\u00e9es, et comment g\u00e9rer les [&hellip;]","og_url":"https:\/\/fc.cegepmontpetit.ca\/ena\/politique-de-cookies\/","og_site_name":"\u00c9cole nationale d\u2019a\u00e9rotechnique","article_modified_time":"2023-12-01T17:20:25+00:00","twitter_card":"summary_large_image","twitter_misc":{"Estimation du temps de lecture":"3 minutes"},"schema":{"@context":"https:\/\/schema.org","@graph":[{"@type":"WebPage","@id":"https:\/\/fc.cegepmontpetit.ca\/ena\/politique-de-cookies\/","url":"https:\/\/fc.cegepmontpetit.ca\/ena\/politique-de-cookies\/","name":"Politique de cookies - \u00c9cole nationale d\u2019a\u00e9rotechnique","isPartOf":{"@id":"https:\/\/fc.cegepmontpetit.ca\/ena\/#website"},"datePublished":"2023-12-01T17:18:26+00:00","dateModified":"2023-12-01T17:20:25+00:00","breadcrumb":{"@id":"https:\/\/fc.cegepmontpetit.ca\/ena\/politique-de-cookies\/#breadcrumb"},"inLanguage":"fr-CA","potentialAction":[{"@type":"ReadAction","target":["https:\/\/fc.cegepmontpetit.ca\/ena\/politique-de-cookies\/"]}]},{"@type":"BreadcrumbList","@id":"https:\/\/fc.cegepmontpetit.ca\/ena\/politique-de-cookies\/#breadcrumb","itemListElement":[{"@type":"ListItem","position":1,"name":"Accueil","item":"https:\/\/fc.cegepmontpetit.ca\/ena\/"},{"@type":"ListItem","position":2,"name":"Politique de cookies"}]},{"@type":"WebSite","@id":"https:\/\/fc.cegepmontpetit.ca\/ena\/#website","url":"https:\/\/fc.cegepmontpetit.ca\/ena\/","name":"\u00c9cole nationale d\u2019a\u00e9rotechnique","description":"Un site utilisant DFCSAE","potentialAction":[{"@type":"SearchAction","target":{"@type":"EntryPoint","urlTemplate":"https:\/\/fc.cegepmontpetit.ca\/ena\/?s={search_term_string}"},"query-input":{"@type":"PropertyValueSpecification","valueRequired":true,"valueName":"search_term_string"}}],"inLanguage":"fr-CA"}]}},"_links":{"self":[{"href":"https:\/\/fc.cegepmontpetit.ca\/ena\/wp-json\/wp\/v2\/pages\/6111","targetHints":{"allow":["GET"]}}],"collection":[{"href":"https:\/\/fc.cegepmontpetit.ca\/ena\/wp-json\/wp\/v2\/pages"}],"about":[{"href":"https:\/\/fc.cegepmontpetit.ca\/ena\/wp-json\/wp\/v2\/types\/page"}],"author":[{"embeddable":true,"href":"https:\/\/fc.cegepmontpetit.ca\/ena\/wp-json\/wp\/v2\/users\/1"}],"replies":[{"embeddable":true,"href":"https:\/\/fc.cegepmontpetit.ca\/ena\/wp-json\/wp\/v2\/comments?post=6111"}],"version-history":[{"count":7,"href":"https:\/\/fc.cegepmontpetit.ca\/ena\/wp-json\/wp\/v2\/pages\/6111\/revisions"}],"predecessor-version":[{"id":6118,"href":"https:\/\/fc.cegepmontpetit.ca\/ena\/wp-json\/wp\/v2\/pages\/6111\/revisions\/6118"}],"wp:attachment":[{"href":"https:\/\/fc.cegepmontpetit.ca\/ena\/wp-json\/wp\/v2\/media?parent=6111"}],"curies":[{"name":"wp","href":"https:\/\/api.w.org\/{rel}","templated":true}]}}